s the thousands digit of a?
1
Let q = -56 - -40. Suppose -20*c - 7 = -27. What is the units digit of 32/q - c*-17?
5
Let f be (-2 + 10/(-15))*6/4. What is the tens digit of (6/9)/(f/(-534))?
8
Let w(n) = 17*n**2 - 18*n - 22. Let b(y) = -6*y**2 + 6*y + 7. Let m(s) = 11*b(s) + 4*w(s). What is the tens digit of m(8)?
6
Let g(z) = z**3 - 3*z**2 - 5*z. Let q be g(5). Let c = 23 + q. Suppose -4*k = -c - 8. What is the tens digit of k?
1
Let a(y) = 8*y + 81. Let d(w) = w**2 - 16*w + 15. Let g be d(15). What is the units digit of a(g)?
1
Let v(t) = t - 3*t + 3*t + 20 + 2*t. Let r be v(-8). What is the units digit of ((-12)/r)/(9/21)?
7
Suppose -2*h - 5 = -2*p - 21, 0 = 4*h + p - 47. Suppose 4*y = 9 + 3. Suppose -y*q - h + 161 = 0. What is the units digit of q?
0
Let m(z) = z**2 + 5*z - 4. Let b be m(-6). Suppose b*n - 4 = -0*n. Let g = 28 - n. What is the units digit of g?
6
Let k = -54 - -130. Let h(m) = -m**3 + 3*m + 2. Let s be h(-5). Let b = s - k. What is the units digit of b?
6
What is the hundreds digit of (7931/5)/7 - 4/(-10)?
2
Let t(a) = a**3 - 11*a**2 + 9*a - 2. Let r be t(7). Let z = r + 221. What is the tens digit of z?
8
Suppose 3*o - 1858 = 4*h, 5*h = 6*h + 1. What is the tens digit of o?
1
Let s(r) = -4*r**2 + 6*r - 7. Let p be s(7). Let u be p/5 + (-4)/(-20). Let v = -16 - u. What is the tens digit of v?
1
Let r(u) = -2*u**3 + 15*u**2 + 8*u + 12. Suppose -c + 4 + 4 = 0. What is the units digit of r(c)?
2
Let y(s) = s**2 - 3 - 7*s - 2*s**2 + s - s. Let g be y(-6). Suppose 3*r = -2*n + 103, -n = -r + g*n + 11. What is the tens digit of r?
3
Let w = -48 - -52. Suppose -3*z + 4*g = -579, -z - 406 = -3*z - w*g. What is the hundreds digit of z?
1
Let w = 45 + 950. What is the hundreds digit of w?
9
Suppose -10*m = m + 88. Let t = 14 + m. What is the units digit of t?
6
Let h(x) = 7*x - 6 - 5 - x**2 + 7. Let t be h(6). Suppose -4*c + 36 - 16 = 3*l, t = c. What is the units digit of l?
4
Let o(n) = 3*n**2 - 5*n - 7. Let t be o(3). Suppose 5*s + p - 312 = 112, t*s - p - 426 = 0. What is the units digit of s?
5
Suppose 18 = 6*n - 3*n. Suppose 0 = n*q - 38 - 244. What is the units digit of q?
7
Let h(l) be the third derivative of 0 + 0*l**5 - 1/3*l**3 + 5*l**2 - 1/120*l**6 + 0*l - 1/8*l**4. What is the units digit of h(-3)?
4
Let i(u) be the third derivative of 11*u**5/60 - u**4/4 - 3*u**3 - 12*u**2. What is the units digit of i(-3)?
9
Let a(j) = 18*j**2 + 60*j - 1. Let y be a(-6). Suppose -1358 = -7*k - y. What is the tens digit of k?
5
Let n = 2202 + -1167. What is the thousands digit of n?
1
Suppose 4 = 3*o - 3*u + 1, 0 = -o + 2*u - 2. What is the hundreds digit of (-2260)/(-8) + (-22)/o + 4?
2
Suppose -14*m + 38414 + 716 = 0. What is the tens digit of m?
9
Let a = -43 - -45. Let t(v) be the first derivative of 3*v**4/4 - 4*v**3/3 + 4*v + 2. What is the tens digit of t(a)?
1
Let w = 28 + -24. Suppose -o + w = -0. Suppose -o*y + 7*y - 96 = 0. What is the units digit of y?
2
Let a be 860/6 + (-4)/(-6). Suppose a = -5*z + 7*z. What is the tens digit of z?
7
Let s be 2 - 2 - (0 - 2). Suppose -k + s*k - 2 = 0. What is the units digit of -3 - (-38 + 1 + k)?
2
Let t(v) = 18*v + 398. What is the units digit of t(52)?
4
Let x = 168 - 23. Let q = -72 + x. What is the tens digit of q?
7
What is the units digit of 38/(-133) - (-1962)/7?
0
Suppose 0 = 3*q - 8 + 2. Suppose 2*f + q*f - 112 = 0. What is the tens digit of f?
2
Suppose -4*z + 2708 = -0*z + 4*j, 5*j = 3*z - 2039. What is the units digit of z?
8
Let d = -2 - -132. What is the units digit of d?
0
Suppose -21 = -5*g - 3*h - 8, 0 = 5*g + 2*h - 12. Let x = g + -32. What is the tens digit of 24/x*(-16 + 1)?
1
Let l be (-2)/6*(-11 - 1). Let j(t) = t**3 + 4*t**2 - 5*t + 2. Let x be j(-5). Suppose -10 = -x*y - 5*h, l*y - 40 = y + 5*h. What is the units digit of y?
0
Let c(d) = d**2 - 5*d - 19. Let n be c(8). Suppose 3*r + n*k - 707 - 74 = 0, -4*k - 763 = -3*r. What is the hundreds digit of r?
2
Suppose -g - 5*q = -4*g + 19, -3*q = 2*g. Suppose g*c = c. Suppose p + 3*p - 28 = c. What is the units digit of p?
7
Let y(t) = -123*t - 32. What is the hundreds digit of y(-8)?
9
Let j(w) = -4 + 4*w + 2*w + 12*w**2 - 3*w. What is the tens digit of j(2)?
5
Suppose 0 = -4*w + 2535 - 535. What is the hundreds digit of w?
5
Let u = -4 + 0. Let o be (52 - 1)*(-5 - u). What is the units digit of -2 + (3 - (o - 4))?
6
What is the tens digit of 1 + (-7625)/(-122)*11*6?
2
Let g be (2/(-20) - (-2)/(-5))*-4. Suppose 5*h - g*k - 134 - 128 = 0, -k = -4. What is the units digit of h?
4
Suppose 8*d = -19 - 5. Let s(p) = 5*p**2 + 8*p + 11. What is the tens digit of s(d)?
3
Suppose 3 - 21 = -6*f. Suppose 3*n + 27 = 4*t, -7*t = -f*t - n - 17. Let a = 13 - t. What is the units digit of a?
0
Suppose -138*b = -139*b + 2738. What is the units digit of b?
8
Let s be (-61)/3*(6 - 3). Let i = -91 - s. What is the tens digit of i/((2 + -3)*1)?
3
Let n(b) = b - 2*b - b - 8 - 6*b. Let f be n(6). Let p = f + 98. What is the tens digit of p?
4
Suppose -14373 - 4587 = -15*d. What is the hundreds digit of d?
2
Let z(q) = -884*q - 13. What is the hundreds digit of z(-1)?
8
Let r = -20 + 6. Suppose 5*f - 15 = 0, -4*z + 2*z + 4*f - 34 = 0. Let b = z - r. What is the units digit of b?
3
Let p(x) = 4*x**2 - 4*x - 25. What is the hundreds digit of p(27)?
7
Let t be 16*(25/10 - -4). Suppose -x + 8 = 3*s - 2, 4*x = -5*s + 19. Suppose 4*l - 2*d = t, -3*l + 88 = s*d - 8. What is the tens digit of l?
2
Let z(u) = 130*u + 148. What is the units digit of z(4)?
8
What is the hundreds digit of ((-4557)/18)/((-6)/36)?
5
What is the units digit of ((-14278)/(-33))/1 - (-2)/6?
3
Suppose -g = 3*g + g. Suppose g = -8*u - 64 + 344. What is the units digit of u?
5
Suppose 8 = 6*s - 2*s. Suppose -52 - 114 = -s*b. What is the units digit of b?
3
Let b(s) = -6*s + 98. What is the tens digit of b(-37)?
2
Let s(u) = 2*u**3 - 2*u**2 - 2*u + 1. Let w be s(3). Let a = w - 26. What is the units digit of a?
5
Let c(n) = n**2 - 4*n - 2. Let w be c(5). Suppose 4*l - 436 = -4*z, -w*z + 2*z + 118 = 4*l. What is the tens digit of z?
0
Suppose 0 = 2*d + 4*s + 12 + 8, -s = 2*d + 5. Let v = 5 - d. Suppose -r + 44 = r + 5*u, v*u + 58 = 4*r. What is the tens digit of r?
1
Let t = 12 - -3702. What is the tens digit of t?
1
Suppose -11*b + 8*b = -6. Suppose -44 = -2*t - b. What is the tens digit of t?
2
Suppose -2*w + 1917 = -i - 6308, 5*i - 15 = 0. What is the thousands digit of w?
4
Let f(w) = -5*w**3 + 70*w**2 + w - 7. What is the hundreds digit of f(13)?
8
Let t(d) be the second derivative of -d**5/20 - 5*d**4/6 - 5*d**3/3 - 7*d**2/2 + d. Let k be t(-9). Suppose 5*x - k*x = 135. What is the units digit of x?
5
Suppose 15 + 41 = -i. Let d = i + 116. What is the tens digit of d?
6
Let u(r) = 4*r**2 + r + 3. Let j be u(-3). Let d be 9/4 - 9/j. Suppose 0 = -d*v + 77 - 15. What is the units digit of v?
1
Let r(m) = 3*m**2 - 5*m + 5. Let q be r(2). Suppose -q*b + 9*b = 28. What is the tens digit of b?
1
Let n(u) = u + 12. Let t(h) = 2*h + 25. Let r(p) = 5*n(p) - 2*t(p). Let i(s) = -s**3 + 8*s**2 - 9*s - 8. Let f be i(6). What is the tens digit of r(f)?
2
Let l = -5 - -2. Let s be l/(-2)*(-24)/(-9). Let p = 12 - s. What is the units digit of p?
8
What is the tens digit of (-15)/10 + -2 + 42392/16?
4
Let u(m) be the third derivative of 0*m + 2/3*m**4 + 7/6*m**3 - 3*m**2 + 0. What is the tens digit of u(4)?
7
Let q = -9 - -11. Suppose 0 = -5*i + 5*l + 5, -2*i + 8 = -3*i - q*l. Let x(d) = -d**3 + d**2 + 4*d + 3. What is the units digit of x(i)?
7
Suppose 16*d - 2526 - 12290 = 0. What is the units digit of d?
6
Let v(g) = -3*g**3 - 2*g**2 + 11*g - 5. What is the tens digit of v(-5)?
6
Suppose -4*t + 7*t - 18 = 0. Let j(d) = 3*d**2 + 13*d - 4. Let w(m) = -m**2 - 7*m + 2. Let f(x) = t*j(x) + 11*w(x). What is the units digit of f(2)?
8
Suppose 2*n + 2*n + 165 = x, 0 = 2*x - 2*n - 360. Suppose a - x = 5*w, 525 = -0*a + 3*a - 5*w. What is the hundreds digit of a?
1
Suppose 4*j + 6 = 2*j. Let i(t) = -3*t**3 - 2*t**2 + 3*t + 3. What is the tens digit of i(j)?
5
Suppose -2*d - 3*d + 25 = 0. Suppose 2 = -2*f + 4. Suppose d*t = -5*q + 90, 3*t + f = 4*q + 41. What is the tens digit of t?
1
Suppose 2*m - 2 = 0, z + 6*m = 7*m + 228. What is the tens digit of z?
2
What is the units digit of 498/(-4)*(1